lculate the remainder when 1647 is divided by 75.
72
What is the remainder when 637 is divided by 14?
7
What is the remainder when 146 is divided by 74?
72
Calculate the remainder when 96 is divided by 33.
30
What is the remainder when 198 is divided by 69?
60
What is the remainder when 830 is divided by 64?
62
What is the remainder when 55 is divided by 19?
17
Calculate the remainder when 201 is divided by 34.
31
Calculate the remainder when 5109 is divided by 64.
53
Calculate the remainder when 105 is divided by 100.
5
What is the remainder when 5797 is divided by 27?
19
What is the remainder when 126 is divided by 17?
7
What is the remainder when 104 is divided by 32?
8
Calculate the remainder when 1706 is divided by 566.
8
What is the remainder when 4093 is divided by 25?
18
What is the remainder when 668 is divided by 171?
155
Calculate the remainder when 11072 is divided by 1383.
8
What is the remainder when 37 is divided by 19?
18
Calculate the remainder when 1483 is divided by 87.
4
Calculate the remainder when 6400 is divided by 1600.
0
Calculate the remainder when 36815 is divided by 8.
7
Calculate the remainder when 54 is divided by 2.
0
What is the remainder when 2015 is divided by 21?
20
Calculate the remainder when 2955 is divided by 46.
11
What is the remainder when 292 is divided by 17?
3
Calculate the remainder when 453 is divided by 71.
27
What is the remainder when 435 is divided by 17?
10
What is the remainder when 451 is divided by 100?
51
Calculate the remainder when 11548 is divided by 55.
53
What is the remainder when 373 is divided by 203?
170
Calculate the remainder when 295 is divided by 19.
10
Calculate the remainder when 108 is divided by 82.
26
Calculate the remainder when 17 is divided by 9.
8
Calculate the remainder when 62 is divided by 12.
2
What is the remainder when 414 is divided by 143?
128
Calculate the remainder when 649 is divided by 34.
3
Calculate the remainder when 1367 is divided by 5.
2
What is the remainder when 856 is divided by 11?
9
Calculate the remainder when 206 is divided by 13.
11
Calculate the remainder when 18 is divided by 7.
4
What is the remainder when 104 is divided by 91?
13
Calculate the remainder when 4534 is divided by 72.
70
Calculate the remainder when 374 is divided by 15.
14
What is the remainder when 5331 is divided by 62?
61
Calculate the remainder when 1205 is divided by 71.
69
Calculate the remainder when 191 is divided by 24.
23
What is the remainder when 95 is divided by 36?
23
Calculate the remainder when 686 is divided by 500.
186
Calculate the remainder when 88 is divided by 82.
6
Calculate the remainder when 299 is divided by 102.
95
Calculate the remainder when 222 is divided by 75.
72
Calculate the remainder when 1223 is divided by 63.
26
What is the remainder when 1660 is divided by 64?
60
Calculate the remainder when 600 is divided by 75.
0
What is the remainder when 341 is divided by 29?
22
Calculate the remainder when 2054 is divided by 205.
4
Calculate the remainder when 2623 is divided by 15.
13
Calculate the remainder when 146 is divided by 126.
20
Calculate the remainder when 87 is divided by 23.
18
What is the remainder when 243 is divided by 26?
9
Calculate the remainder when 773 is divided by 97.
94
Calculate the remainder when 609 is divided by 4.
1
What is the remainder when 1062 is divided by 7?
5
Calculate the remainder when 377 is divided by 42.
41
What is the remainder when 127 is divided by 15?
7
Calculate the remainder when 1378 is divided by 82.
66
What is the remainder when 410 is divided by 230?
180
Calculate the remainder when 622 is divided by 7.
6
What is the remainder when 438 is divided by 98?
46
Calculate the remainder when 109 is divided by 15.
4
Calculate the remainder when 5093 is divided by 9.
8
What is the remainder when 42 is divided by 3?
0
Calculate the remainder when 202 is divided by 53.
43
Calculate the remainder when 1539 is divided by 140.
139
Calculate the remainder when 1766 is divided by 61.
58
What is the remainder when 286 is divided by 17?
14
Calculate the remainder when 229 is divided by 21.
19
Calculate the remainder when 237 is divided by 10.
7
Calculate the remainder when 138 is divided by 11.
6
Calculate the remainder when 203 is divided by 17.
16
Calculate the remainder when 6638 is divided by 29.
26
Calculate the remainder when 241 is divided by 62.
55
Calculate the remainder when 82 is divided by 17.
14
Calculate the remainder when 25 is divided by 11.
3
What is the remainder when 139 is divided by 34?
3
Calculate the remainder when 1325 is divided by 112.
93
What is the remainder when 127 is divided by 11?
6
Calculate the remainder when 517 is divided by 52.
49
What is the remainder when 8 is divided by 7?
1
Calculate the remainder when 479 is divided by 13.
11
Calculate the remainder when 521 is divided by 183.
155
What is the remainder when 255 is divided by 32?
31
What is the remainder when 3374 is divided by 20?
14
What is the remainder when 437 is divided by 3?
2
What is the remainder when 575 is divided by 6?
5
Calculate the remainder when 521 is divided by 66.
59
What is the remainder when 251 is divided by 65?
56
What is the remainder when 268 is divided by 18?
16
Calculate the remainder when 119 is divided by 110.
9
Calculate the remainder when 37 is divided by 19.
18
Calculate the remainder when 243 is divided by 90.
63
What is the remainder when 917 is divided by 102?
101
Calculate the remainder when 1343 is divided by 16.
15
Calculate the remainder when 125 is divided by 21.
20
What is the remainder when 208 is divided by 113?
95
Calculate the remainder when 85 is divided by 9.
4
Calculate the remainder when 84 is divided by 22.
18
What is the remainder when 186 is divided by 38?
34
What is the remainder when 32 is divided by 12?
8
What is the remainder when 83 is divided by 15?
8
Calculate the remainder when 812 is divided by 286.
240
Calculate the remainder when 3219 is divided by 21.
6
Calculate the remainder when 98 is divided by 7.
0
Calculate the remainder when 16 is divided by 7.
2
Calculate the remainder when 66 is divided by 5.
1
Calculate the remainder when 490 is divided by 13.
9
What is the remainder when 149 is divided by 147?
2
Calculate the remainder when 165 is divided by 57.
51
What is the remainder when 32 is divided by 14?
4
Calculate the remainder when 33 is divided by 3.
0
What is the remainder when 21007 is divided by 55?
52
What is the remainder when 192 is divided by 50?
42
Calculate the remainder when 11566 is divided by 482.
480
What is the remainder when 2081 is divided by 24?
17
Calculate the remainder when 1033 is divided by 74.
71
What is the remainder when 90 is divided by 75?
15
What is the remainder when 384 is divided by 134?
116
Calculate the remainder when 480 is divided by 232.
16
What is the remainder when 1459 is divided by 1438?
21
What is the remainder when 4255 is divided by 8?
7
What is the remainder when 987 is divided by 55?
52
Calculate the remainder when 3918 is divided by 140.
138
What is the remainder when 641 is divided by 34?
29
Calculate the remainder when 228 is divided by 86.
56
Calculate the remainder when 77 is divided by 18.
5
Calculate the remainder when 172 is divided by 39.
16
What is the remainder when 166 is divided by 57?
52
Calculate the remainder when 248 is divided by 129.
119
What is the remainder when 47 is divided by 13?
8
Calculate the remainder when 42965 is divided by 21.
20
What is the remainder when 4834 is divided by 78?
76
What is the remainder when 25 is divided by 7?
4
What is the remainder when 1748 is divided by 33?
32
What is the remainder when 740 is divided by 53?
51
What is the remainder when 205 is divided by 103?
102
Calculate the remainder when 206 is divided by 42.
38
Calculate the remainder when 140 is divided by 2.
0
What is the remainder when 5046 is divided by 49?
48
What is the remainder when 2224 is divided by 18?
10
Calculate the remainder when 182 is divided by 157.
25
Calculate the remainder when 3584 is divided by 22.
20
Calculate the remainder when 322 is divided by 103.
13
What is the remainder when 6453 is divided by 22?
7
Calculate the remainder when 1147 is divided by 28.
27
Calculate the re